greatest common factor of u and 6?
6
Suppose 0 = c - 6*c. Let m(q) = -2*q + 132. Let n be m(c). Calculate the greatest common factor of 12 and n.
12
Suppose 10 = 243*a - 241*a. Let c = 60 - 40. What is the highest common divisor of c and a?
5
Let m(w) = -52*w - 2. Let n be m(-1). What is the greatest common factor of n and 10?
10
Let n be (1/(-2))/((-2)/4). Let d be ((-84)/n)/(-5 - -4). Let f = 13 + -1. What is the highest common factor of d and f?
12
Let u be (-6)/(-4)*20/6. Let d = u + -1. Let t be 7*d - (-1 - 1). Calculate the greatest common divisor of 20 and t.
10
Let i be (-354)/(-10) - 4/10. Let f(j) = -j**2 + 6*j + 10. Let o be f(7). Suppose -2*l - o*l + 35 = 0. What is the greatest common factor of i and l?
7
Let n be (-24)/30*70/(-4). Let t be (-2 - -2 - 0) + 2. What is the greatest common factor of n and t?
2
Let b(t) = -t**3 - 12*t**2 - 14*t - 15. Let s be b(-11). What is the greatest common factor of s and 12?
6
Suppose -3*y + 0*w = -4*w, -y + 4*w = 0. Let l(n) = -n**3 - 18*n**2 + 3. Let g be l(-18). Let a = y + g. What is the highest common factor of 27 and a?
3
Suppose 0 = -3*r + 424 - 64. Let b = 35 + 13. Calculate the highest common divisor of b and r.
24
Let s = -23 + 38. Suppose -3*v = -1 + 10, 267 = 2*u + v. Calculate the greatest common divisor of s and u.
15
Let w = 292 + -160. Let r = 48 + -41. Let y = w - r. Calculate the highest common factor of y and 25.
25
Suppose -5*g - 778 = -2178. Let i be ((-32)/(-40))/(2/g). Calculate the highest common divisor of 16 and i.
16
Let v(g) = g**2 + 7*g + 6. Suppose -2*o + 3*r - 8 = 0, 0*r = 4*o - 4*r + 20. Let m be v(o). What is the highest common divisor of m and 30?
6
Let b = 81 + 149. Calculate the highest common factor of b and 23.
23
Let r be ((-27)/(-6))/((-3)/(-20)). Suppose -3*o - o + 484 = 2*c, -2*c = -4. What is the greatest common divisor of o and r?
30
Let c(t) = -19*t + 19. Let k be c(-8). What is the greatest common divisor of k and 19?
19
Let v = 5 - -16. Suppose v + 9 = 5*m. Calculate the highest common divisor of m and 48.
6
Let w(m) be the third derivative of -m**4/6 + m**3/6 + 2*m**2. Let y = -4 + 3. Let p be w(y). What is the greatest common divisor of 25 and p?
5
Let w be 10/3*(6 - 84/35). Calculate the greatest common factor of 16 and w.
4
Let o be 22/(-6) + 1/(-3). Let f be (-2)/10 + (-249)/5. Let m be 2/(-4) + f/o. What is the highest common divisor of 12 and m?
12
Let d be (6/5)/(2/90). Let u be (-2)/((4/6)/(-2)). Suppose 3 = n + 3*h + u, 2*n - 6 = -2*h. Calculate the greatest common divisor of d and n.
6
Suppose 2*f + 4*t + t = 49, 4*f - 68 = -4*t. Calculate the highest common factor of f and 12.
12
Suppose 76*u - 80*u = -56. What is the highest common factor of 154 and u?
14
Let u be 24 + 1 + -1 + -2. Suppose -4*x - u = -6*x. Suppose 0 = 4*i + 6 - 182. What is the highest common factor of i and x?
11
Let b = 100 + -7. Calculate the greatest common divisor of b and 31.
31
Suppose 3*k - 35 = -5*m, -36 = -4*k - 5*m + m. Suppose 27 = k*s - 13. Calculate the greatest common divisor of s and 24.
8
Suppose 4*m = -m + 2*f + 53, 0 = 4*m - 5*f - 56. Calculate the highest common factor of 54 and m.
9
Let x be (8/10)/(8/20). Suppose x*v = 3*l - 19, -20 = l - 4*l + v. Calculate the greatest common divisor of l and 63.
7
Let h be 7/1 + (-5 - -5). What is the highest common factor of h and 56?
7
Suppose -2*b - 19 = -c + 14, -3*c + b = -84. What is the greatest common factor of 108 and c?
27
Let x = 77 - 5. Calculate the highest common divisor of x and 18.
18
Suppose 8*p = -0*p + 208. What is the highest common divisor of 39 and p?
13
Let o = 84 - 42. Let h(x) = x**3 - 4*x**2 - x + 5. Let n be h(4). Let b be (n*-2 - -4)*7. Calculate the highest common divisor of o and b.
14
Suppose -d = -5*x - 24, 6*x = d + 3*x - 20. Suppose -d - 6 = -2*s. Suppose -4*k = 2*k - 12. Calculate the highest common divisor of k and s.
2
Suppose -2*h - 5*p + 75 = 0, -h = -0*h - p - 55. Calculate the highest common divisor of 20 and h.
10
Suppose -7*t + 5*t - 3*j = 1, -3*t + 6 = 2*j. Suppose -2*b = -t*a - 97 - 37, 0 = -3*a + 12. What is the highest common factor of b and 30?
15
Suppose -4*c - 5 + 37 = 0. Let x(d) be the first derivative of 2*d**3/3 - 3*d**2/2 - d + 1. Let g be x(3). Calculate the highest common divisor of c and g.
8
Suppose 0 = q + 2*c + 3*c + 12, -2*c = 5*q - 55. Calculate the highest common divisor of q and 13.
13
Suppose -5*c + 4*c - 6 = 0. Let z(w) = -w**3 - 5*w**2 - 5*w - 2. Let n be z(c). What is the greatest common factor of n and 16?
16
Let f be 3/3 + 27 + 0. Suppose v = -v + f. Suppose 0*z - v = -2*z. What is the greatest common factor of z and 7?
7
Let l be 6/6*6*4. Let v be (176/l)/(2/27). Calculate the highest common factor of 9 and v.
9
Suppose -4*n + 6 = -2. Suppose n*w + 0*w - 41 = 5*r, -1 = 3*w + 5*r. Calculate the highest common factor of 8 and w.
8
Let o(v) = 4*v**2 + 2*v. Let i be o(-1). Calculate the greatest common factor of i and 8.
2
Let n be (0 + -2)*(-17)/2. Let o be 4*(-85)/(1 - 6). Calculate the greatest common factor of n and o.
17
Suppose k = -5*b + 8*b + 6, 0 = 4*b. Let z = k + -2. Let g(c) = 2*c**2 - 4*c - 2. Let s be g(-3). Calculate the highest common factor of s and z.
4
Let b(u) = u**2 + 8*u - 1. Let z be b(-11). What is the greatest common factor of z and 16?
16
Suppose 4*s + 80 = 5*r, -5*r + 4*r + s = -15. Calculate the greatest common factor of 10 and r.
10
Let b(k) be the third derivative of k**6/120 + 3*k**5/20 + k**4/24 + 4*k**3/3 - 3*k**2. Let f be b(-7). What is the highest common divisor of 11 and f?
11
Let h be 368/88 - 4*(-1)/(-22). What is the highest common factor of h and 36?
4
Let k = -4 - -20. Let x be 35/4 + 4/k. Suppose 5*b - 5*w = 75, -5*w = 3*b - 39 - 30. Calculate the greatest common divisor of b and x.
9
Let b(r) = 3*r - 3 + 3*r - 7*r + r**2. Let x be b(4). Suppose 4*k = x*k - 220. What is the highest common factor of k and 11?
11
Let b be 45 + 98/42 + 2/3. Calculate the greatest common divisor of b and 72.
24
Let z(q) = q**3 - 4*q**2 - 5*q. Let u be z(5). Suppose 36 = 4*k - u*k + 4*x, 2*x = 4*k - 66. Calculate the highest common factor of 126 and k.
14
Suppose -2*l - 6 = -16. Let o = 16 + -16. Suppose o = 2*p - 20. Calculate the highest common factor of p and l.
5
Let f(y) = -y**3 + 9*y**2 - 3*y + 45. Let v be f(9). What is the greatest common factor of v and 162?
18
Suppose d - 5 = -4. Let c be (-1 - -5) + (d - -2). Calculate the highest common factor of 35 and c.
7
Let l(s) = s**3 + 3*s**2 - 6*s + 6. Let z be l(3). Calculate the greatest common factor of z and 14.
14
Suppose 2*u - 3*u + 10 = 0. Suppose -22*z = -8*z - 140. Calculate the greatest common factor of z and u.
10
Suppose 2*y = -2*y + 32. Let w = -21 + 5. Let x be 642/y - 12/w. What is the highest common factor of x and 9?
9
Suppose 3*t - 4*n = -1, 0*n = 5*t - n - 21. Let d(y) = -y**2 + y + 4. Let l be d(0). Suppose 0 = t*j - j - l. Calculate the greatest common factor of j and 11.
1
Let t = 90 + -88. Calculate the highest common divisor of t and 14.
2
Suppose -5*b + 365 = w - 2*w, 2*w = -4*b + 278. Calculate the greatest common factor of b and 9.
9
Let v = 3 + -2. Let p(z) = z**3 - 9*z**2 + 7*z - 7. Let k be p(8). Let q = v - k. What is the highest common factor of 16 and q?
16
Suppose 2*f - 14 = 5*c, 3*c + 20 = 5*f - 2*c. Calculate the greatest common divisor of f and 8.
2
Let i be -2*(-3)/2 - -14. What is the highest common divisor of 153 and i?
17
Suppose 2*g = -2*u + 36, -4*g - 10 - 50 = -2*u. Calculate the highest common factor of u and 88.
22
Let o = 11 - 9. Suppose 0*x + 280 = o*x. Calculate the highest common factor of x and 28.
28
Suppose 6*s - 42 - 30 = 0. What is the greatest common divisor of s and 30?
6
Let z(c) = -c**3 + 4*c**2 + c. Let b be z(4). Suppose -4*q - b*n + 114 + 70 = 0, -2*n + 141 = 3*q. Calculate the greatest common divisor of 7 and q.
7
Let a = -7 + 8. What is the highest common divisor of a and 4?
1
Suppose 2*q + 17 = 69. What is the greatest common factor of 65 and q?
13
Let i be (-138)/(-42) + 4/(-14). Suppose -i*v + 5*h + 147 = 0, 6*v - 5*h = v + 255. What is the greatest common factor of 9 and v?
9
Let c(s) = -s**3 - s**2 + 5*s + 160. Let u be c(0). Calculate the highest common divisor of 20 and u.
20
Suppose -5*t = -2*t - 